{"id":342,"date":"2022-07-01T19:23:05","date_gmt":"2022-07-01T19:23:05","guid":{"rendered":"http:\/\/chakanaancestral.com\/blog\/?page_id=342"},"modified":"2023-08-21T00:03:21","modified_gmt":"2023-08-21T00:03:21","slug":"bufo-alvarius","status":"publish","type":"page","link":"https:\/\/chakanaancestral.com\/blog\/index.php\/bufo-alvarius\/","title":{"rendered":"Bufo Alvarius"},"content":{"rendered":"\n<div class=\"wp-block-image\"><figure class=\"aligncenter size-large is-resized\"><img loading=\"lazy\" src=\"https:\/\/chakanaancestral.com\/blog\/wp-content\/uploads\/2022\/07\/Bufo-Alvarius-Ayahuasca-en-madrid.jpg\" alt=\"\" class=\"wp-image-345\" width=\"516\" height=\"341\" srcset=\"https:\/\/chakanaancestral.com\/blog\/wp-content\/uploads\/2022\/07\/Bufo-Alvarius-Ayahuasca-en-madrid.jpg 800w, https:\/\/chakanaancestral.com\/blog\/wp-content\/uploads\/2022\/07\/Bufo-Alvarius-Ayahuasca-en-madrid-300x198.jpg 300w, https:\/\/chakanaancestral.com\/blog\/wp-content\/uploads\/2022\/07\/Bufo-Alvarius-Ayahuasca-en-madrid-768x508.jpg 768w\" sizes=\"(max-width: 516px) 100vw, 516px\" \/><\/figure><\/div>\n\n\n\n<p class=\"has-text-align-left\"><strong>Bufo Alvarius Es una de las experiencias m\u00e1s profundas que un ser humano puede obtener <\/strong><\/p>\n\n\n\n<p class=\"has-text-align-left\"><strong>en este planeta a cualquier nivel:<\/strong> <strong>f\u00edsico, emocional, mental y espiritual. <\/strong><\/p>\n\n\n\n<p class=\"has-text-align-left\"><strong><em><span class=\"has-inline-color has-vivid-red-color\">El Bufo Alvarius, o \u201cMol\u00e9cula de Dios\u201d, <\/span><\/em><\/strong><\/p>\n\n\n\n<p class=\"has-text-align-left\"><strong>puede encontrarse desde la parte sur del desierto de Arizona, en EE UU, hasta la mayor parte del desierto de Sonora, en M\u00e9xico,<\/strong><\/p>\n\n\n\n<p class=\"has-text-align-left\"><strong>llegando hasta cerca de Guam\u00fachil, en Sinaloa. Se le conoce tambi\u00e9n como el sapo del r\u00edo Colorado, <\/strong><\/p>\n\n\n\n<div class=\"wp-block-image\"><figure class=\"aligncenter size-large is-resized\"><img loading=\"lazy\" src=\"https:\/\/chakanaancestral.com\/blog\/wp-content\/uploads\/2022\/07\/bufo-alvarius-madrid-ayahuasca.jpg\" alt=\"\" class=\"wp-image-347\" width=\"475\" height=\"356\" srcset=\"https:\/\/chakanaancestral.com\/blog\/wp-content\/uploads\/2022\/07\/bufo-alvarius-madrid-ayahuasca.jpg 1024w, https:\/\/chakanaancestral.com\/blog\/wp-content\/uploads\/2022\/07\/bufo-alvarius-madrid-ayahuasca-300x225.jpg 300w, https:\/\/chakanaancestral.com\/blog\/wp-content\/uploads\/2022\/07\/bufo-alvarius-madrid-ayahuasca-768x576.jpg 768w\" sizes=\"(max-width: 475px) 100vw, 475px\" \/><\/figure><\/div>\n\n\n\n<p class=\"has-text-align-left\"><strong>porque habita en las zonas circundantes a este r\u00edo en la parte baja de California, Nuevo M\u00e9xico, M\u00e9xico y el sur de Arizona. <\/strong><\/p>\n\n\n\n<p class=\"has-text-align-left\"><strong>De esta especie de sapo se obtiene una sustancia, el <a href=\"https:\/\/es.wikipedia.org\/wiki\/5-MeO-DMT\" target=\"_blank\" rel=\"noreferrer noopener\">5-MeO-DMT<\/a> (5-metoxi-N, N-dimetiltriptamina)<\/strong><\/p>\n\n\n\n<p><\/p>\n\n\n\n<div class=\"wp-block-image\"><figure class=\"aligncenter size-large is-resized\"><img loading=\"lazy\" src=\"https:\/\/chakanaancestral.com\/blog\/wp-content\/uploads\/2022\/07\/5-MeO-DMT-ayahuasca-en-madrid.png\" alt=\"\" class=\"wp-image-348\" width=\"265\" height=\"190\"\/><\/figure><\/div>\n\n\n\n<p class=\"has-text-align-left\"><strong>que ofrece un camino r\u00e1pido hacia la experiencia de unidad, la identificaci\u00f3n con la Consciencia Universal.<\/strong><\/p>\n\n\n\n<div class=\"wp-block-group\"><div class=\"wp-block-group__inner-container\">\n<pre class=\"wp-block-verse\"><strong><em><span class=\"has-inline-color has-vivid-red-color\">Esta mol\u00e9cula tan especial <\/span><\/em><\/strong><\/pre>\n\n\n\n<p><\/p>\n<\/div><\/div>\n\n\n\n<p class=\"has-text-align-left\"><strong>se activa en estados espec\u00edficos como el nacimiento, la muerte y el sue\u00f1o. <\/strong><\/p>\n\n\n\n<p class=\"has-text-align-left\"><strong>Rompe los filtros qu\u00edmicos que la mente humana usa para prevenir un estado continuo de percepci\u00f3n, despertar y consciencia completa. <\/strong><\/p>\n\n\n\n<p class=\"has-text-align-left\"><strong>Esos filtros son necesarios para nuestro d\u00eda a d\u00eda<\/strong><\/p>\n\n\n\n<p class=\"has-text-align-left\"><strong>ya que nos ayudan a funcionar en esta realidad de tres dimensiones, limitada por espacio y tiempo. <\/strong><\/p>\n\n\n\n<p><\/p>\n\n\n\n<div class=\"wp-block-image\"><figure class=\"aligncenter size-large\"><img loading=\"lazy\" width=\"279\" height=\"384\" src=\"https:\/\/chakanaancestral.com\/blog\/wp-content\/uploads\/2022\/07\/5-MeO-DMT-madrid-ayahuasca.png\" alt=\"\" class=\"wp-image-349\" srcset=\"https:\/\/chakanaancestral.com\/blog\/wp-content\/uploads\/2022\/07\/5-MeO-DMT-madrid-ayahuasca.png 279w, https:\/\/chakanaancestral.com\/blog\/wp-content\/uploads\/2022\/07\/5-MeO-DMT-madrid-ayahuasca-218x300.png 218w\" sizes=\"(max-width: 279px) 100vw, 279px\" \/><\/figure><\/div>\n\n\n\n<blockquote class=\"wp-block-quote\"><p><strong><span class=\"has-inline-color has-vivid-red-color\">Tan pronto como abrimos esos filtros <\/span><\/strong><\/p><\/blockquote>\n\n\n\n<p class=\"has-text-align-left\"><strong>parece que por fin somos capaces de poner nuestro ego a dormir y entonces entrar en un estado de meditaci\u00f3n profunda: <\/strong><\/p>\n\n\n\n<p class=\"has-text-align-left\"><strong>eso quiere decir que ser\u00edamos capaces de acceder a la parte supra consciente de nuestra mente, nuestra verdadera naturaleza. <\/strong><\/p>\n\n\n\n<p class=\"has-text-align-left\"><strong>La mol\u00e9cula de Dios extra\u00edda del sapo <a href=\"http:\/\/www.ayahuascamadrid.es\" title=\"El 5-MeO-DMT\">El 5-MeO-DMT<\/a> org\u00e1nico se extrae a trav\u00e9s de \u201corde\u00f1ar\u201d las gl\u00e1ndulas par\u00f3tidas del <a href=\"https:\/\/chakanaancestral.com\/blog\/index.php\/2022\/03\/09\/bufo-alvarius-el-poder-universal\/\" title=\"Bufo Alvarius, el poder universal\">Bufo Alvarius<\/a>. <\/strong><\/p>\n\n\n\n<div class=\"wp-block-image\"><figure class=\"aligncenter size-large is-resized\"><img loading=\"lazy\" src=\"https:\/\/chakanaancestral.com\/blog\/wp-content\/uploads\/2022\/07\/Ayahuasca-madrid-bufo-alvarius.jpg\" alt=\"\" class=\"wp-image-351\" width=\"494\" height=\"370\" srcset=\"https:\/\/chakanaancestral.com\/blog\/wp-content\/uploads\/2022\/07\/Ayahuasca-madrid-bufo-alvarius.jpg 848w, https:\/\/chakanaancestral.com\/blog\/wp-content\/uploads\/2022\/07\/Ayahuasca-madrid-bufo-alvarius-300x225.jpg 300w, https:\/\/chakanaancestral.com\/blog\/wp-content\/uploads\/2022\/07\/Ayahuasca-madrid-bufo-alvarius-768x577.jpg 768w\" sizes=\"(max-width: 494px) 100vw, 494px\" \/><\/figure><\/div>\n\n\n\n<p class=\"has-text-align-left\"><strong>Esta es una especie que hiberna diez meses bajo tierra y sale a la superficie s\u00f3lo en temporadas de lluvia para comer y reproducirse.<\/strong><\/p>\n\n\n\n<p class=\"has-text-align-left\"><strong>Para obtener dicha substancia el sapo no sufre ni muere<\/strong><\/p>\n\n\n\n<p class=\"has-text-align-left\"><strong>solo se recolecta la sustancia y se libera al sapito, pero es muy dif\u00edcil de obtenerla ya que pocas veces al a\u00f1o sale a la superficie. <\/strong><\/p>\n\n\n\n<div class=\"wp-block-image\"><figure class=\"aligncenter size-large is-resized\"><img loading=\"lazy\" src=\"https:\/\/chakanaancestral.com\/blog\/wp-content\/uploads\/2022\/07\/Madrid-Ayahuasca-Bufo-Alvarius.jpg\" alt=\"\" class=\"wp-image-350\" width=\"504\" height=\"412\" srcset=\"https:\/\/chakanaancestral.com\/blog\/wp-content\/uploads\/2022\/07\/Madrid-Ayahuasca-Bufo-Alvarius.jpg 640w, https:\/\/chakanaancestral.com\/blog\/wp-content\/uploads\/2022\/07\/Madrid-Ayahuasca-Bufo-Alvarius-300x246.jpg 300w\" sizes=\"(max-width: 504px) 100vw, 504px\" \/><\/figure><\/div>\n\n\n\n<p class=\"has-text-align-left\"><strong>El <em><span class=\"has-inline-color has-vivid-red-color\">5-MeO-DMT<\/span><\/em> es considerado como \u201calimento cerebral\u201d ya que el cerebro lo procesa de una manera similar a la glucosa. <\/strong><\/p>\n\n\n\n<p class=\"has-text-align-left\"><strong>Est\u00e1 presente en diversas variedades bot\u00e1nicas, como en distintas especies de Virola, de Anadenantera y Phalaris<\/strong><\/p>\n\n\n\n<p class=\"has-text-align-left\"><strong>plantas que se han utilizado en la preparaci\u00f3n de rap\u00e9s desde la antig\u00fcedad. <\/strong><\/p>\n\n\n\n<p class=\"has-text-align-left\"><strong>Se ha encontrado tambi\u00e9n 5-MeO-DMT en fluidos humanos entre los que se incluye:<\/strong><\/p>\n\n\n\n<p class=\"has-text-align-left\"><strong><em><span class=\"has-inline-color has-vivid-red-color\">la orina, la sangre y el fluido cerebroespinal<\/span><\/em>, por lo que el cuerpo humano puede sintetizar tambi\u00e9n esta sustancia. <\/strong><\/p>\n\n\n\n<div class=\"wp-block-image\"><figure class=\"aligncenter size-large is-resized\"><img loading=\"lazy\" src=\"https:\/\/chakanaancestral.com\/blog\/wp-content\/uploads\/2022\/07\/Madrid-Ayahuasca.jpg\" alt=\"\" class=\"wp-image-352\" width=\"478\" height=\"478\" srcset=\"https:\/\/chakanaancestral.com\/blog\/wp-content\/uploads\/2022\/07\/Madrid-Ayahuasca.jpg 600w, https:\/\/chakanaancestral.com\/blog\/wp-content\/uploads\/2022\/07\/Madrid-Ayahuasca-300x300.jpg 300w, https:\/\/chakanaancestral.com\/blog\/wp-content\/uploads\/2022\/07\/Madrid-Ayahuasca-150x150.jpg 150w\" sizes=\"(max-width: 478px) 100vw, 478px\" \/><\/figure><\/div>\n\n\n\n<p><\/p>\n\n\n\n<p class=\"has-text-align-left\"><strong>Este neurotransmisor es producido de forma natural por la gl\u00e1ndula pineal durante momentos importantes en la vida de un ser humano. <\/strong><\/p>\n\n\n\n<p class=\"has-text-align-left\"><strong>Se ha encontrado que existen explosiones de esta substancia de manera natural al momento de nacer y de morir, pero &#8230; <\/strong><\/p>\n\n\n\n<p class=\"has-text-align-left\"><strong>tambi\u00e9n es producida en peque\u00f1as cantidades durante estados de \u00e1nimo positivos y en la etapa del sue\u00f1o profundo o fase REM. <\/strong><\/p>\n\n\n\n<blockquote class=\"wp-block-quote\"><p><strong><em><span class=\"has-inline-color has-vivid-red-color\">Base cient\u00edfica<\/span><\/em> <\/strong><\/p><\/blockquote>\n\n\n\n<p class=\"has-text-align-left\"><strong>Uno de los personajes que se introdujo en la investigaci\u00f3n de los efectos del DMT fue: <\/strong><\/p>\n\n\n\n<p class=\"has-text-align-left\"><strong>el etnobot\u00e1nico, fil\u00f3sofo e historiador estadounidense <em><span class=\"has-inline-color has-vivid-red-color\"><a href=\"https:\/\/es.wikipedia.org\/wiki\/Terence_McKenna\" target=\"_blank\" rel=\"noreferrer noopener\" title=\"Terence Kemp McKenna.\">Terence Kemp McKenna.<\/a> <\/span><\/em><\/strong><\/p>\n\n\n\n<div class=\"wp-block-image\"><figure class=\"aligncenter size-large is-resized\"><img loading=\"lazy\" src=\"https:\/\/upload.wikimedia.org\/wikipedia\/commons\/thumb\/a\/a5\/Hanna_jon_1999_mckenna_terence.jpg\/800px-Hanna_jon_1999_mckenna_terence.jpg\" alt=\"\" width=\"488\" height=\"406\"\/><\/figure><\/div>\n\n\n\n<p class=\"has-text-align-left\"><strong><em>\u00c9l defendi\u00f3 el uso responsable de las plantas de poder o alucin\u00f3genas.<\/em> <\/strong><\/p>\n\n\n\n<figure class=\"wp-block-pullquote\"><blockquote><p><strong>En su libro <em><span class=\"has-inline-color has-vivid-red-color\">True Hallucinations<\/span><\/em> <\/strong><\/p><\/blockquote><\/figure>\n\n\n\n<p class=\"has-text-align-left\"><strong>este autor narr\u00f3 su experiencia al ingerir altas dosis de hongos psicod\u00e9licos, la ayahuasca y DMT<\/strong><\/p>\n\n\n\n<p class=\"has-text-align-left\"><strong>que consider\u00f3 la apoteosis de la experiencia psicod\u00e9lica. <\/strong><\/p>\n\n\n\n<p class=\"has-text-align-left\"><strong>De hecho, llam\u00f3 al DMT \u201cel alucin\u00f3geno m\u00e1s poderoso conocido por el hombre y ciencia sin dejar de lado su origen com\u00fan en la naturaleza\u201d. <\/strong><\/p>\n\n\n\n<p class=\"has-text-align-left\"><strong>Por otro lado, otro estudioso de la sustancia fue <em><span class=\"has-inline-color has-vivid-red-color\"><a href=\"https:\/\/en.wikipedia.org\/wiki\/Rick_Strassman\" target=\"_blank\" rel=\"noreferrer noopener\" title=\"Rick Strassman\">Rick Strassman<\/a><\/span><\/em> quien:<\/strong><\/p>\n\n\n\n<p class=\"has-text-align-left\"><strong>realiz\u00f3 una investigaci\u00f3n cl\u00ednica aprobada y financiada por el gobierno de los EE. UU. <\/strong><\/p>\n\n\n\n<p class=\"has-text-align-left\"><strong>En la Universidad de Nuevo M\u00e9xico, en la que inyect\u00f3 DMT a sesenta voluntarios. <\/strong><\/p>\n\n\n\n<p class=\"has-text-align-left\"><strong>Muchos de los participantes informaron encuentros convincentes con presencias no humanas inteligentes, extraterrestres, \u00e1ngeles y esp\u00edritus. <\/strong><\/p>\n\n\n\n<p class=\"has-text-align-left\"><strong>Casi todos sintieron que las sesiones fueron una de las experiencias m\u00e1s profundas de sus vidas. <\/strong><\/p>\n\n\n\n<p class=\"has-text-align-left\"><strong><em><span class=\"has-inline-color has-luminous-vivid-orange-color\">Lo m\u00e1s interesante es que el DMT<\/span><\/em> <\/strong><\/p>\n\n\n\n<p class=\"has-text-align-left\"><strong>guarda una relaci\u00f3n cercana con la gl\u00e1ndula pineal considerada por los hind\u00faes como el sitio del s\u00e9ptimo chakra y por <a href=\"https:\/\/es.wikipedia.org\/wiki\/Ren%C3%A9_Descartes\" target=\"_blank\" rel=\"noreferrer noopener\" title=\"Rene Descartes\"><em>Rene Descartes<\/em><\/a> como el asiento del alma.<\/strong><\/p>\n\n\n\n<p><\/p>\n\n\n\n<h2 class=\"has-text-align-center\"><strong><em><span class=\"has-inline-color has-vivid-red-color\">El sapo del amanecer<\/span><\/em><\/strong><\/h2>\n\n\n\n<p><\/p>\n\n\n\n<p><strong><em>Seguramente hayas escuchado este nombre en el \u00faltimo tiempo o conozcas a alguien que haya probado sus beneficios. <\/em><\/strong><\/p>\n\n\n\n<p><strong>La experiencia habitualmente es muy inmersiva y produce una variaci\u00f3n radical en la percepci\u00f3n. <\/strong><\/p>\n\n\n\n<p><strong>Muchas personas describen sensaciones de unidad c\u00f3smica, de acceso a una consciencia no dual y a profundas experiencias espirituales.<\/strong><\/p>\n\n\n\n<p><strong><em>Algunas personas han comparado la experiencia <\/em><\/strong><\/p>\n\n\n\n<p><strong>a la sensaci\u00f3n de morir y acceder a estados similares a los descritos en las tradiciones budistas e hinduistas<\/strong><\/p>\n\n\n\n<p><strong>como <em><span class=\"has-inline-color has-vivid-red-color\">el Nirvana o el Tath\u0101gata<\/span><\/em>, el m\u00e1s all\u00e1 del m\u00e1s all\u00e1. <\/strong><\/p>\n\n\n\n<p><strong>Es com\u00fan la p\u00e9rdida de la sensaci\u00f3n de identidad y la disoluci\u00f3n del ego, as\u00ed como sensaciones oce\u00e1nicas de fundirse con el todo. <\/strong><\/p>\n\n\n\n<div class=\"wp-block-image\"><figure class=\"aligncenter size-large is-resized\"><img loading=\"lazy\" src=\"https:\/\/chakanaancestral.com\/blog\/wp-content\/uploads\/2022\/07\/www.ayahuascamadrid.es_.jpg\" alt=\"\" class=\"wp-image-357\" width=\"526\" height=\"516\" srcset=\"https:\/\/chakanaancestral.com\/blog\/wp-content\/uploads\/2022\/07\/www.ayahuascamadrid.es_.jpg 800w, https:\/\/chakanaancestral.com\/blog\/wp-content\/uploads\/2022\/07\/www.ayahuascamadrid.es_-300x294.jpg 300w, https:\/\/chakanaancestral.com\/blog\/wp-content\/uploads\/2022\/07\/www.ayahuascamadrid.es_-768x754.jpg 768w\" sizes=\"(max-width: 526px) 100vw, 526px\" \/><\/figure><\/div>\n\n\n\n<p><strong>Dependiendo del participante, se puede experimentar algunas de las siguientes vivencias: <\/strong><\/p>\n\n\n\n<p><strong><code>\u2022 <\/code>Liberaci\u00f3n de estr\u00e9s acumulado (consciente o inconsciente) y tensiones f\u00edsicas, traumas, miedos, asuntos pendientes, etc. <\/strong><\/p>\n\n\n\n<p><strong><code>\u2022 <\/code>Disoluci\u00f3n de memorias celulares inconscientes que provocan adicciones, compulsiones, enfermedades psicosom\u00e1ticas y sufrimientos. <\/strong><\/p>\n\n\n\n<p><strong><code>\u2022 <\/code>Desconexi\u00f3n parcial o total de la realidad f\u00edsica y\/o visual. <\/strong><\/p>\n\n\n\n<p><strong><code>\u2022 <\/code>Fusi\u00f3n del participante con lo que le rodea. <\/strong><\/p>\n\n\n\n<p><strong><code>\u2022 <\/code>Sensaci\u00f3n de expansi\u00f3n del cuerpo&nbsp;y fusi\u00f3n con el universo. <\/strong><\/p>\n\n\n\n<p><strong><code>\u2022 <\/code>Contactar con tu ser, tu potencial interior y sabidur\u00eda, para encontrar tus propias respuestas a tu vida. <\/strong><\/p>\n\n\n\n<p><strong><code>\u2022 <\/code>Visualizar o tomar consciencia de traumas o bloqueos que te&nbsp;impiden&nbsp;evolucionar, poderlos comprender y sanarlos. <code>\u2022 <\/code>Sentir una gran plenitud,&nbsp;amor incondicional y paz. <\/strong><\/p>\n\n\n\n<p><strong><code>\u2022 <\/code>Sensaci\u00f3n de renacimiento. <\/strong><\/p>\n\n\n\n<h2 class=\"has-text-align-center\"><strong><em><span class=\"has-inline-color has-vivid-red-color\">\u00bfPara qu\u00e9 se usa Bufo Alvarius? <\/span><\/em><\/strong><\/h2>\n\n\n\n<p><\/p>\n\n\n\n<div class=\"wp-block-image\"><figure class=\"aligncenter size-large is-resized\"><img loading=\"lazy\" src=\"https:\/\/chakanaancestral.com\/blog\/wp-content\/uploads\/2022\/07\/ayahuasca-madrid-www.ayahuascamadrid.es_.jpg\" alt=\"\" class=\"wp-image-358\" width=\"500\" height=\"375\" srcset=\"https:\/\/chakanaancestral.com\/blog\/wp-content\/uploads\/2022\/07\/ayahuasca-madrid-www.ayahuascamadrid.es_.jpg 800w, https:\/\/chakanaancestral.com\/blog\/wp-content\/uploads\/2022\/07\/ayahuasca-madrid-www.ayahuascamadrid.es_-300x225.jpg 300w, https:\/\/chakanaancestral.com\/blog\/wp-content\/uploads\/2022\/07\/ayahuasca-madrid-www.ayahuascamadrid.es_-768x576.jpg 768w\" sizes=\"(max-width: 500px) 100vw, 500px\" \/><\/figure><\/div>\n\n\n\n<p><strong>Al momento de consumir 5-MeO-DMT, el cuerpo aumenta la producci\u00f3n de los neurotransmisores como serotonina, melatonina, triptamina<\/strong><\/p>\n\n\n\n<p><strong>y enzimas que favorecen a la sanaci\u00f3n y regeneraci\u00f3n del cuerpo, pudiendo favorecer la liberaci\u00f3n de una cantidad considerable de estr\u00e9s <\/strong><\/p>\n\n\n\n<p><strong>(inconscientemente acumulado), <\/strong><\/p>\n\n\n\n<p><strong>logrando as\u00ed, desbloquear al sistema inmunol\u00f3gico y provocando que los padecimientos f\u00edsicos, mentales y\/o emocionales <\/strong><\/p>\n\n\n\n<p><strong><em>se puedan autocorregir y sanar gradualmente. <\/em><\/strong><\/p>\n\n\n\n<p><strong>El remedio contin\u00faa trabajando por d\u00edas, de forma gradual disminuida. En algunos casos, incluso durante meses posteriores. &nbsp; <\/strong><\/p>\n\n\n\n<div class=\"wp-block-image\"><figure class=\"aligncenter size-large is-resized\"><img loading=\"lazy\" src=\"https:\/\/chakanaancestral.com\/blog\/wp-content\/uploads\/2022\/07\/madrid-ayahuasca-chakana-ancestral.jpg\" alt=\"\" class=\"wp-image-359\" width=\"519\" height=\"378\" srcset=\"https:\/\/chakanaancestral.com\/blog\/wp-content\/uploads\/2022\/07\/madrid-ayahuasca-chakana-ancestral.jpg 800w, https:\/\/chakanaancestral.com\/blog\/wp-content\/uploads\/2022\/07\/madrid-ayahuasca-chakana-ancestral-300x219.jpg 300w, https:\/\/chakanaancestral.com\/blog\/wp-content\/uploads\/2022\/07\/madrid-ayahuasca-chakana-ancestral-768x560.jpg 768w\" sizes=\"(max-width: 519px) 100vw, 519px\" \/><\/figure><\/div>\n\n\n\n<p><strong>Esta sustancia se administra a trav\u00e9s una pipa de cristal donde se expone al fuego y se combustiona <\/strong><\/p>\n\n\n\n<p><strong>para que pueda ser fumada ya que de esta manera el 5-MeO-DMT llega de manera directa al cerebro <\/strong><\/p>\n\n\n\n<p><strong>y permite al participante poder experimentar en unos minutos una de las experiencias mas profundas, sanadoras y liberadoras que alguien puede vivir. <\/strong><\/p>\n\n\n\n<p><strong><em><span class=\"has-inline-color has-vivid-red-color\">El sapo no se come o lame, porque de esta manera ser\u00eda t\u00f3xico, las toxinas se activan si son absorbidas directamente por las membranas mucosas de boca, nariz u ojos. <\/span><\/em><\/strong><\/p>\n\n\n\n<p><strong>Una vez cristalizada la sustancia, se fuma y presenta efectos inmediatos, siempre bajo el cuidado y supervisi\u00f3n de expertos en el uso del Bufo. <\/strong><\/p>\n\n\n\n<p><strong>A continuaci\u00f3n, se yace encima de una colchoneta, con la intenci\u00f3n de relajarse y abrirse a vivir la experiencia. <\/strong><\/p>\n\n\n\n<blockquote class=\"wp-block-quote\"><p><strong><span class=\"has-inline-color has-luminous-vivid-orange-color\">La sensaci\u00f3n m\u00e1s potente dura entre 5 y 20 minutos. <\/span><\/strong><\/p><\/blockquote>\n\n\n\n<p><strong>Despu\u00e9s va bajando de intensidad, hasta ir regresando al cuerpo&nbsp;y adquirir comprensiones a otros niveles. <\/strong><\/p>\n\n\n\n<p><strong><em>Esto dura unos 30 a 60 minutos m\u00e1s.<\/em><\/strong><\/p>\n\n\n\n<p><strong><em>Se recomienda no ingerir comida unas 3 horas antes de la sesi\u00f3n. <\/em><\/strong><\/p>\n\n\n\n<div class=\"wp-block-image\"><figure class=\"aligncenter size-large is-resized\"><img loading=\"lazy\" src=\"https:\/\/chakanaancestral.com\/blog\/wp-content\/uploads\/2022\/07\/madridayahuasca.com_-1.jpg\" alt=\"\" class=\"wp-image-361\" width=\"538\" height=\"405\" srcset=\"https:\/\/chakanaancestral.com\/blog\/wp-content\/uploads\/2022\/07\/madridayahuasca.com_-1.jpg 709w, https:\/\/chakanaancestral.com\/blog\/wp-content\/uploads\/2022\/07\/madridayahuasca.com_-1-300x226.jpg 300w\" sizes=\"(max-width: 538px) 100vw, 538px\" \/><\/figure><\/div>\n\n\n\n<p><\/p>\n\n\n\n<p><strong><em>As\u00ed como<\/em><\/strong> <strong>Se puede liberar emociones reprimidas, sanar traumas, adicciones, as\u00ed como sentir una mejora en bloqueos o tensiones f\u00edsicas<\/strong><\/p>\n\n\n\n<p><strong>mejorar o sanar s\u00edntomas y enfermedades. <\/strong><\/p>\n\n\n\n<p><strong><em><span class=\"has-inline-color has-luminous-vivid-orange-color\">Tambi\u00e9n puedes tener diferentes comprensiones como: <\/span><\/em><\/strong><\/p>\n\n\n\n<p><strong>qui\u00e9n eres, la vida, la muerte, el amor incondicional, el perd\u00f3n, la aceptaci\u00f3n, el ciclo de la experiencia, etc. <\/strong><\/p>\n\n\n\n<p><strong>Se puede perder toda conciencia del entorno y del cuerpo f\u00edsico para entrar en un profundo viaje al interior <\/strong><\/p>\n\n\n\n<p><strong>donde se puede experimentar una conexi\u00f3n con la divinidad, con el universo o con el todo, no importa como lo concibas.<\/strong><\/p>\n\n\n\n<p><\/p>\n\n\n\n<h2 class=\"has-text-align-center\"><strong><span class=\"has-inline-color has-vivid-red-color\"><em>Conexi\u00f3n espiritual<\/em><\/span><\/strong><\/h2>\n\n\n\n<p><\/p>\n\n\n\n<div class=\"wp-block-image\"><figure class=\"aligncenter size-large is-resized\"><img loading=\"lazy\" src=\"https:\/\/chakanaancestral.com\/blog\/wp-content\/uploads\/2022\/07\/bufo-alvarius-madrid-ayahuasca-2.jpg\" alt=\"\" class=\"wp-image-362\" width=\"483\" height=\"445\" srcset=\"https:\/\/chakanaancestral.com\/blog\/wp-content\/uploads\/2022\/07\/bufo-alvarius-madrid-ayahuasca-2.jpg 688w, https:\/\/chakanaancestral.com\/blog\/wp-content\/uploads\/2022\/07\/bufo-alvarius-madrid-ayahuasca-2-300x276.jpg 300w\" sizes=\"(max-width: 483px) 100vw, 483px\" \/><\/figure><\/div>\n\n\n\n<p><strong><em><span class=\"has-inline-color has-vivid-red-color\">Tambi\u00e9n<\/span><\/em><\/strong> <strong>Con Bufo Alvarius, conectamos con una vibraci\u00f3n muy alta, es un proceso que ocurre r\u00e1pido <\/strong><\/p>\n\n\n\n<p><strong>por eso es importante soltar las resistencias y dejar que penetre toda esta energ\u00eda en nosotros, permiti\u00e9ndonos conectar con nuestros bloqueos <\/strong><\/p>\n\n\n\n<p><strong>con las limitaciones mentales, con nuestras emociones m\u00e1s profundas, con el fin de que podamos observarlas desde otra perspectiva <\/strong><\/p>\n\n\n\n<blockquote class=\"wp-block-quote\"><p><strong><em><span class=\"has-inline-color has-vivid-red-color\">y as\u00ed poder aprender de ellas y trascenderlas.<\/span><\/em><\/strong><\/p><\/blockquote>\n\n\n\n<div class=\"wp-block-image\"><figure class=\"aligncenter size-large is-resized\"><img loading=\"lazy\" src=\"https:\/\/chakanaancestral.com\/blog\/wp-content\/uploads\/2022\/07\/ayahuasca-madrid.jpg\" alt=\"\" class=\"wp-image-363\" width=\"535\" height=\"336\" srcset=\"https:\/\/chakanaancestral.com\/blog\/wp-content\/uploads\/2022\/07\/ayahuasca-madrid.jpg 800w, https:\/\/chakanaancestral.com\/blog\/wp-content\/uploads\/2022\/07\/ayahuasca-madrid-300x189.jpg 300w, https:\/\/chakanaancestral.com\/blog\/wp-content\/uploads\/2022\/07\/ayahuasca-madrid-768x483.jpg 768w\" sizes=\"(max-width: 535px) 100vw, 535px\" \/><\/figure><\/div>\n\n\n\n<p><strong>Podemos llegar a sentir realmente lo que somos y <\/strong>&#8230;<\/p>\n\n\n\n<p><strong><em><span class=\"has-inline-color has-vivid-red-color\">En primer lugar<\/span><\/em><\/strong> <strong>darnos cuenta de lo que no somos, donde podemos disentir del Yo limitante y es ah\u00ed cuando surge toda la magia. <\/strong><\/p>\n\n\n\n<p><strong>Simplemente es permitirnos disfrutar, soltar y entregarnos a esa vivencia \u00fanica y liberadora que nos proporciona <\/strong><\/p>\n\n\n\n<p><strong>sanaci\u00f3n, claridad, evoluci\u00f3n, y una mayor comprensi\u00f3n de lo que nos sucede en nuestra vida. <\/strong><\/p>\n\n\n\n<p><strong><em><span class=\"has-inline-color has-vivid-red-color\">Finalmente<\/span><\/em><\/strong>:<\/p>\n\n\n\n<p><strong><em><a href=\"http:\/\/www.chakanaancestral.com\">Bufo Alvarius<\/a><\/em> nos ayuda a cambiar totalmente la perspectiva de vida, nuestra vibraci\u00f3n cambia, pero no cambia nuestra vida<\/strong><\/p>\n\n\n\n<p><strong>todo sigue igual, nuestra casa, nuestro cuerpo siguen siendo igual, lo que cambia es la forma en como percibimos las cosas.<\/strong><\/p>\n","protected":false},"excerpt":{"rendered":"<p>Bufo Alvarius Es una de las experiencias m\u00e1s profundas que un ser humano puede obtener en este planeta a cualquier nivel: f\u00edsico, emocional, mental y espiritual. El Bufo Alvarius, o&hellip; <\/p>\n","protected":false},"author":1,"featured_media":351,"parent":0,"menu_order":1,"comment_status":"open","ping_status":"closed","template":"","meta":{"_mi_skip_tracking":false},"aioseo_notices":[],"_links":{"self":[{"href":"https:\/\/chakanaancestral.com\/blog\/index.php\/wp-json\/wp\/v2\/pages\/342"}],"collection":[{"href":"https:\/\/chakanaancestral.com\/blog\/index.php\/wp-json\/wp\/v2\/pages"}],"about":[{"href":"https:\/\/chakanaancestral.com\/blog\/index.php\/wp-json\/wp\/v2\/types\/page"}],"author":[{"embeddable":true,"href":"https:\/\/chakanaancestral.com\/blog\/index.php\/wp-json\/wp\/v2\/users\/1"}],"replies":[{"embeddable":true,"href":"https:\/\/chakanaancestral.com\/blog\/index.php\/wp-json\/wp\/v2\/comments?post=342"}],"version-history":[{"count":12,"href":"https:\/\/chakanaancestral.com\/blog\/index.php\/wp-json\/wp\/v2\/pages\/342\/revisions"}],"predecessor-version":[{"id":530,"href":"https:\/\/chakanaancestral.com\/blog\/index.php\/wp-json\/wp\/v2\/pages\/342\/revisions\/530"}],"wp:featuredmedia":[{"embeddable":true,"href":"https:\/\/chakanaancestral.com\/blog\/index.php\/wp-json\/wp\/v2\/media\/351"}],"wp:attachment":[{"href":"https:\/\/chakanaancestral.com\/blog\/index.php\/wp-json\/wp\/v2\/media?parent=342"}],"curies":[{"name":"wp","href":"https:\/\/api.w.org\/{rel}","templated":true}]}}